t w = 1342 - 1276. Suppose 0 = -4*f - 0*z - 3*z - 314, -2*f = 3*z + 154. Let t = 124 + f. What is the highest common factor of t and w?
22
Let s be (10/(5 - 4))/(6/18). Let v(l) = -l**2 + 40*l + 26. Let c be v(26). Calculate the greatest common divisor of c and s.
30
Let h be 2/8 - (1212/36)/(20/(-105)). Calculate the highest common factor of 3009 and h.
177
Suppose -7*r = -314 + 734. Let c = r + 78. Let b(k) = -3*k - 6. Let f be b(-4). What is the greatest common divisor of f and c?
6
Suppose -164*v + 166409 = -457939. What is the greatest common factor of 18 and v?
9
Let t(o) be the third derivative of -o**5/60 - o**4/8 - o**3/6 + 13*o**2. Let z be t(5). Let c = -21 - z. Calculate the highest common divisor of c and 5.
5
Let r be 55*7/3 + 88/132. Let z = -1852 + 1938. Calculate the greatest common divisor of z and r.
43
Let f = -873 + 1809. Suppose -5*r + f = 36. Calculate the greatest common divisor of 36 and r.
36
Let v = 7 - -4. Suppose 0 = 5*f + 3*d - 74, 0 = -3*f + 3*d + 28 + 2. Suppose 18*s - 185 - f = 0. Calculate the highest common divisor of v and s.
11
Let w(f) = f**2 - f - 1. Let c be w(3). Suppose c*z = z + 108. Let u = -41459 + 41540. Calculate the highest common factor of z and u.
27
Let o be (-119 - 1)*(-1)/2. Let j(n) be the first derivative of -n**2 + 74*n + 62. Let d be j(-3). Calculate the greatest common factor of o and d.
20
Let s(q) = 2*q - 41. Let w be s(28). Let z be w*8*14/21. What is the highest common factor of z and 20?
20
Let d be 14/(-4) - (-2565)/190. Calculate the greatest common factor of 235 and d.
5
Suppose -32*p - 67*p + 319275 = 0. What is the highest common factor of 258 and p?
129
Let c = -11118 - -11363. Suppose 4*i - 148 = -2*x, -i - 2*x + 183 = 4*i. Calculate the highest common factor of i and c.
35
Let r(m) = -227 - 14*m**2 + 14*m - 11*m**2 + 4*m**2 - 2*m + m**3. Let y be r(21). Calculate the greatest common factor of 125 and y.
25
Let g(f) be the third derivative of 0*f + 12*f**2 + 25/6*f**3 - 19/24*f**4 + 0. Let a be g(-5). Calculate the greatest common factor of a and 24.
24
Let f = -642 - -646. Let k(v) = v**3 + 2*v**2 - 6*v - 30. Let y be k(f). Calculate the highest common factor of y and 28.
14
Suppose 2441 = 52*o - 2499. Calculate the greatest common factor of 3401 and o.
19
Suppose -4 = 3*u + 5*y, u + 12 = -3*u - 5*y. Let b be (u/(-16)*-20)/(3/(-15)). Calculate the greatest common factor of b and 80.
10
Let b = -62 - -65. Let l be (3432/33)/(b - 1). What is the highest common factor of 13 and l?
13
Let x be -60*((-245)/(-25) - 5). Let f = 326 + x. What is the highest common factor of f and 190?
38
Let f be (27/75*-5)/(2/(-290)). Calculate the highest common factor of f and 203.
29
Suppose 13*n - 25*n + 3780 = 0. What is the greatest common divisor of n and 525?
105
Suppose 55*u - 50122 - 24253 = -64*u. What is the highest common divisor of u and 450?
25
Suppose -9*j - 478 = 872. Let u be j/(-4)*516/645. Calculate the highest common divisor of 20 and u.
10
Let g = -1223 - -1848. Suppose -4*w = -2*w + 2*j - 290, g = 4*w - 5*j. Calculate the greatest common factor of w and 6.
6
Suppose -5*k + 3567 = 4*b, -b + 1991 = 3*k - 145. Suppose 0 = 5*u - 0*u + 2*n - k, -3*u - n + 427 = 0. What is the greatest common divisor of u and 13?
13
Let y(u) = 40*u + 15. Let k be y(6). Let w(c) = -154*c**3 + c. Let s be w(-1). Calculate the highest common factor of s and k.
51
Suppose -5*k = 0, 17*r = 15*r + 2*k - 410. Let g = r - -380. What is the greatest common divisor of 25 and g?
25
Suppose 4*z - 7*z + 385 = 4*w, -3*z - 179 = -2*w. Suppose 0 = -9*l - w + 976. Let v = -13 - -27. What is the highest common factor of v and l?
14
Let c(a) = 4*a + 5. Let d = -84 - -80. Let q be c(d). Let s = 12 + q. Calculate the highest common divisor of s and 3.
1
Let a = 2035 - 1910. Let j(t) = 1 - 3*t + t**2 + 0*t**2 + 3*t**2 - 3. Let q be j(3). What is the greatest common factor of q and a?
25
Let t(q) = -q**3 + 27*q**2 - 29*q + 1. Let k be t(10). Calculate the highest common divisor of 166 and k.
83
Suppose -3*h - h = n - 25, -h + 2*n = 5. Suppose -152 = -h*s - 0*s + 2*g, -5*g + 145 = 5*s. Calculate the greatest common factor of 240 and s.
30
Let v(n) = 3*n**2 + 17*n + 62. Let k be v(-10). Calculate the greatest common factor of k and 96.
96
Let c = 18 - 18. Suppose -447 = -b + 4*k - 59, -2*b + k + 797 = c. Suppose 22*v = 17*v + b. What is the highest common divisor of 32 and v?
16
Suppose 5*w - 26 = -2*f, -3*f - 29 + 61 = 4*w. Suppose m - 22 = -57. Let y = m + 55. What is the greatest common factor of f and y?
4
Let m be ((47 + -1)*1)/(6/39). Suppose m*k - 300 = 294*k. Calculate the highest common divisor of 240 and k.
60
Suppose -941 - 823 = -14*b. Suppose -16*z + b = -10*z. What is the highest common factor of 91 and z?
7
Let r = 102 + 222. Let q be (6/36*3)/(1/r). Calculate the greatest common factor of 36 and q.
18
Suppose 0*c + 3*p = 3*c - 81, 66 = 4*c + 2*p. Suppose -2*h + 4 = -0*h. Suppose -12 = -g - h*g. Calculate the greatest common factor of c and g.
4
Let t(z) = z**3 + z**2 - 2*z. Let f be t(-2). Suppose f = 4*g - 432 - 112. Suppose 0 = 13*j - 11*j - g. What is the highest common factor of j and 17?
17
Let y = 926 - 822. Calculate the highest common divisor of y and 13.
13
Let l be (0 + (-2 - 0))/(5/(-5)). Suppose l*x = -3*x + 1820. Suppose 96 - 460 = -7*r. Calculate the highest common factor of r and x.
52
Let s be (1 - 1 - -3)*(-26 - -28). Suppose -560 = -3*u + n, -s*u + 915 = -u + 2*n. Suppose 6*h - u = 385. What is the greatest common factor of 19 and h?
19
Let h(w) = w**3 + 14*w**2 + 146*w + 1735. Let j be h(-13). Suppose 0 = u + 2*c - 26, -3*u + 0*c + 23 = -5*c. What is the highest common factor of j and u?
2
Let b(q) = 197*q + 4315. Let h be b(-21). What is the greatest common factor of 7654 and h?
178
Suppose 11*n - 5*s = 7*n + 11729, s - 3 = 0. What is the greatest common factor of n and 16?
8
Suppose -24*o = 2*k + 9*o + 69, -2*o = 3*k - 39. Suppose -3*m - m + 45 = 3*r, -2*r - 5*m = -30. What is the highest common factor of k and r?
15
Let h(a) = 47*a + 2573. Let z be h(-52). What is the greatest common factor of z and 4?
1
Let l = 87 + -78. Suppose -l*i = -37 - 26. Suppose 2*n = 3*n - i. What is the greatest common factor of 7 and n?
7
Suppose -9*t + 285 = -4*t. Let u = t - 57. Let i be -1 + -1 + u + 11 + -7. Calculate the greatest common factor of 2 and i.
2
Suppose -s + 584 - 179 = 4*c, -2*s - 2*c = -780. What is the greatest common factor of s and 56?
7
Let r be 11 + -20 + 940/1. What is the highest common divisor of 38 and r?
19
Suppose 0*q - 360 = -3*q. Suppose 2*i = t - 68 - 192, 3*t - 2*i = 792. Let n = 281 - t. Calculate the highest common divisor of n and q.
15
Let s be 13 - (-7865)/(18 + -7). What is the greatest common divisor of 1274 and s?
182
Suppose -7*u - 504 + 1337 = 0. Let b be 5814/u + 6/(-7). Suppose 2*q = -3*w + 12, -5*w + 36 = 2*q - 4*q. What is the highest common factor of b and w?
6
Let l(r) = -r**3 - 10*r**2 + 33*r + 17. Let i be l(-13). Let n be (-48)/15*i/(-38). Calculate the highest common factor of 376 and n.
8
Suppose -36*z + 35*z + 2196 = 121*z. Let m(a) = 21*a + 3. Let l be m(3). Calculate the highest common divisor of z and l.
6
Let o = 99 - 85. Suppose 0 = 3*n + 7*n - 320. Let r = n + 10. What is the greatest common divisor of r and o?
14
Let k(y) = y**3 + 12*y**2 + 13*y + 22. Let n be k(-10). Suppose -500 = -3*d - n. Suppose -6*c - 34 = -7*c. What is the highest common divisor of c and d?
34
Let x be (1/2)/(4/(-8)). Let q be x*4/(-2) - (56 + -431). What is the greatest common divisor of 29 and q?
29
Let o be (-25)/(-30)*8/(-20)*(-4 + -101). Calculate the greatest common divisor of o and 40.
5
Suppose -2*d = -5*i - 309, 0 = d + 3*i - 89 - 49. Calculate the highest common divisor of 1869 and d.
21
Let x = 127 + 263. What is the highest common divisor of 20 and x?
10
Suppose -3*d + 990 = 5*v + 913, -5*d - 5*v = -135. Calculate the highest common factor of d and 4466.
29
Suppose 361 = 4*f + 1. Let p be ((-140)/42)/((-4)/f). Suppose -l = -9 - 6. What is the greatest common divisor of l and p?
15
Let z be ((-40)/(-14))/((-8)/56). Let l be (-715)/(-6) - z/24. Calculate the greatest common divisor of l and 15.
15
Suppose -262*d + 543749 - 116165 = 0. Calculate the greates